-238054
-39cd7 (base 15) to base 12
-8b194
What is -8311 (base 16) in base 13?
-12370
Convert -198367 (base 12) to base 7.
-3552226
111051245 (base 6) to base 8
7533515
Convert 2020321 (base 6) to base 10.
96025
36778a (base 12) to base 13
24c565
What is 238aa (base 13) in base 14?
19a97
Convert b4d98 (base 16) to base 3.
1101122010120
Convert 34cde (base 15) to base 12.
81478
Convert 586 (base 9) to base 15.
223
What is -688a49 (base 13) in base 15?
-33d783
Convert -14b63 (base 12) to base 10.
-29307
11000010010000000 (base 2) to base 15
1e706
-11000001101000011111100 (base 2) to base 16
-60d0fc
Convert 230312332 (base 4) to base 13.
65830
What is -61c3b (base 16) in base 6?
-12325523
What is 20222102112 (base 3) in base 16?
21893
What is 26a392 (base 13) in base 5?
214432143
What is -20122103032 (base 4) in base 11?
-1276615
Convert 3400504 (base 7) to base 15.
84884
What is c5a1 (base 15) in base 2?
1010001100110000
What is 220022210 (base 3) in base 15?
53c3
Convert 1052aa (base 11) to base 13.
5b664
What is 47921 (base 13) in base 15?
28ceb
103310 (base 4) to base 3
1201222
What is -5480520 (base 10) in base 6?
-313244440
What is -220133123001 (base 4) in base 15?
-dea060
What is -2490360 (base 10) in base 6?
-125213240
-43431 (base 6) to base 14
-2283
Convert -5927e (base 15) to base 9.
-472602
Convert -474a6 (base 15) to base 5.
-24232211
What is -19002 (base 14) in base 5?
-4004424
-10101111001110010111 (base 2) to base 7
-6046322
532152 (base 9) to base 14
834c2
What is -44180 (base 10) in base 4?
-22302110
Convert -14793 (base 15) to base 8.
-200456
What is -3014231112 (base 5) in base 4?
-112322313122
-73370 (base 10) to base 9
-121572
Convert 39b520 (base 15) to base 9.
5184453
Convert 110110111001101 (base 2) to base 3.
1102120002
Convert 269d5 (base 15) to base 10.
123725
What is 1a2fbb (base 16) in base 3?
10020012010022
What is 588690 (base 11) in base 8?
3437740
Convert -22314133 (base 5) to base 9.
-331587
What is 22bac45 (base 13) in base 7?
160145500
What is 2220002111 (base 4) in base 8?
2500225
Convert 1d259 (base 14) to base 2.
10010001100111111
-1bd489 (base 14) to base 12
-400b55
Convert -99be (base 16) to base 11.
-27630
What is -773076 (base 8) in base 15?
-51deb
Convert -10632 (base 15) to base 10.
-52022
Convert 173da (base 14) to base 8.
162044
What is 2058051 (base 11) in base 5?
1412031111
What is -1110010101111101111101 (base 2) in base 3?
-21002000202011
bc805 (base 14) to base 12
1a0619
Convert -2012031301 (base 4) to base 12.
-226181
What is 131a0 (base 12) in base 5?
1314214
What is -114cb6 (base 13) in base 5?
-101121234
Convert 10100001010101101110001 (base 2) to base 10.
5286769
What is -6b357 (base 14) in base 16?
-3fce1
Convert -23720 (base 12) to base 7.
-256014
Convert -101111001100000111 (base 2) to base 6.
-4050503
Convert -10001000011001101111 (base 2) to base 9.
-1041351
Convert -30116 (base 9) to base 16.
-4d43
8285 (base 12) to base 6
145445
What is -5784804 (base 11) in base 5?
-10041433321
Convert 740a26 (base 12) to base 13.
4bc31b
2001312 (base 5) to base 7
160466
-1117a7 (base 12) to base 13
-97003
What is -1000110101101111100011 (base 2) in base 16?
-235be3
Convert -16abc (base 15) to base 10.
-73302
What is 1010241032 (base 5) in base 8?
7620516
What is -10110010001111111101000 (base 2) in base 12?
-1b58174
What is -331baa (base 15) in base 9?
-4522517
What is 3258183 (base 9) in base 4?
12223202232
-43460 (base 16) to base 14
-725c4
55455513 (base 6) to base 7
20132043
What is -3816ab (base 16) in base 11?
-2090774
6daa (base 16) to base 13
ca17
What is -408138 (base 9) in base 8?
-730740
46c990 (base 14) to base 11
14006a9
What is 76234 (base 16) in base 12?
1b4044
-313123100321 (base 4) to base 3
-1000100011212002
313111 (base 8) to base 2
11001011001001001
What is -33512205 (base 6) in base 4?
-3321020231
Convert -a223a (base 11) to base 3.
-21120212202
What is 26250346 (base 7) in base 13?
65cac7
What is 13332221 (base 4) in base 10?
32681
Convert 2300000320 (base 4) to base 15.
e3937
143414 (base 7) to base 15
82d2
Convert -12102212211 (base 3) to base 12.
-51b71
Convert -c68142 (base 13) to base 5.
-2142112211
What is -84815 (base 9) in base 12?
-28542
-3be6d (base 16) to base 3
-110110120022
What is -120221021131 (base 4) in base 2?
-11000101001001001011101
Convert -2330203200 (base 4) to base 14.
-16165a
Convert -3032133122 (base 4) to base 5.
-204031121
Convert -1317a (base 14) to base 7.
-253613
What is 381402 (base 9) in base 16?
38522
-69601 (base 14) to base 7
-2115301
What is -1892b (base 14) in base 4?
-33023123
Convert -330704 (base 8) to base 3.
-12122022202
4426 (base 16) to base 7
101602
-10202111002002 (base 3) to base 9
-3674062
Convert -11233311 (base 5) to base 7.
-604225
3094a9 (base 12) to base 13
209244
What is -ca78f (base 16) in base 13?
-230635
Convert 116006230 (base 7) to base 15.
991d7a
What is -6603422 (base 7) in base 11?
-502055
26c26 (base 15) to base 4
132111030
Convert -430383 (base 11) to base 14.
-13cd25
Convert 22123203310 (base 4) to base 10.
2734324
What is 175e9 (base 15) in base 3?
10211200210
What is 362415 (base 8) in base 14?
33377
Convert 132a53 (base 12) to base 3.
121001110200
-1159114 (base 10) to base 16
-11afca
What is -4618573 (base 9) in base 7?
-30121665
What is -16890302 (base 10) in base 6?
-1402003502
Convert 3411130 (base 10) to base 15.
475a8a
-52324 (base 11) to base 16
-129e0
What is -31143451 (base 8) in base 4?
-121030130221
11002212201210 (base 3) to base 15
2d19a6
Convert 113210333031 (base 4) to base 7.
103351602
Convert 2643312 (base 7) to base 4.
1110230301
Convert 2142234 (base 5) to base 13.
13c11
What is 155c3 (base 16) in base 14?
23c55
What is 3562755 (base 10) in base 6?
204210123
11b530 (base 12) to base 11
18841a
What is 12b99d2 (base 14) in base 4?
202202203010
What is 45302453 (base 6) in base 5?
323030321
-7777102 (base 8) to base 5
-1014043311
What is 6056110 (base 7) in base 8?
2576215
Convert -8706 (base 11) to base 6.
-125125
What is -1ca8b1 (base 13) in base 8?
-2640323
-1014020224 (base 5) to base 16
-1ff7d8
Convert 1278a (base 11) to base 16.
4748
Convert -d7bd (base 14) to base 10.
-37211
2fa4 (base 16) to base 14
4632
bd5521 (base 14) to base 3
110002200120121
What is 1663306 (base 10) in base 14?
314238
What is 1b1c1 (base 15) in base 13?
31183
What is -257092 (base 12) in base 11?
-389a73
What is 535115440 (base 6) in base 11?
5396645
4521456 (base 7) to base 5
120410023
1665710 (base 9) to base 12
389976
5d21da (base 16) to base 4
113102013122
-1121020020002 (base 3) to base 4
-3033233123
Convert -1111110000110100010101 (base 2) to base 4.
-33300310111
Convert -693b5 (base 12) to base 3.
-21010210002
What is 2231314 (base 5) in base 3?
2000022002
What is 36671414 (base 8) in base 2?
11110110111001100001100
1211211222102 (base 3) to base 2
11101111100011100010
Convert 1442547 (base 9) to base 14.
16a01d
-2553300 (base 10) to base 12
-a31730
What is -1263877 (base 9) in base 3?
-1022010222121
What is 127076 (base 11) in base 4?
300300311
-4aa0 (base 13) to base 16
-2970
What is -ea4e0 (base 16) in base 5?
-221202322
-2408214 (base 9) to base 2
-100111110100111111101
What is -4667707 (base 9) in base 3?
-11202021210021
What is -111100000000111111101 (base 2) in base 14?
-392989
What is 82863 (base 15) in base 11?
26285a
What is 5176614 (base 8) in base 2?
101001111110110001100
Convert -203023200 (base 4) to base 14.
-3a728
4020530 (base 7) to base 12
1ab328
702486 (base 9) to base 15
83053
What is -168641 (base 9) in base 7?
-614311
1151132 (base 6) to base 15
131de
3233222130 (base 4) to base 9
1755523
Convert -1219259 (base 11) to base 5.
-1020324324
What is 511031 (base 7) in base 16?
15311
What is -32013430 (base 5) in base 16?
-411f4
478a4 (base 12) to base 6
2021524
Convert -2110222200 (base 3) to base 10.
-48834
22222003300 (base 4) to base 15
3a2b77
3545a (base 11) to base 6
1032411
What is 167336 (base 9) in base 4?
121111302
Convert 661a0 (base 11) to base 10.
96063
Convert 1110000110100011011011 (base 2) to base 4.
32012203123
Convert -1101001100011001101 (base 2) to base 15.
-88173
-b8e (base 16) to base 12
-1866
What is -116948 (base 16) in base 10?
-1141064
What is 16571 (base 1